9/s*-3. Let f = 133 + g. What are the prime factors of f?
2, 37
Let s = -1 + 23. Let z be (1*8 - 2)/(s/1463). Suppose -42*t = -49*t + z. List the prime factors of t.
3, 19
Let v = -293 - -293. Suppose 34*t - 21318 = -v*t. What are the prime factors of t?
3, 11, 19
Let p = 17 - 35. Let j be 4/p - (-232)/72. List the prime factors of (-7 + j)*-1 + 103.
107
What are the prime factors of (486/(-405))/(2/(-15630))?
2, 3, 521
What are the prime factors of (22282 + -24)/(0 - -1)?
2, 31, 359
Suppose 2*d + 3*d + 23214 = 3*f, -9*f = d - 69738. List the prime factors of f.
2, 13, 149
Let t = 12695 + -5839. What are the prime factors of t?
2, 857
Let c(m) = 5*m**2 + 90*m + 63. What are the prime factors of c(-35)?
2, 7, 31
Suppose -44*b - 5*t = -43*b - 1149, 0 = -2*t. Let n = -90 + b. List the prime factors of n.
3, 353
Suppose -1385 = -3*i + 4*m - 554, 3*i - 852 = -3*m. Let t be 7818/54 - 6/(-27). Let z = i - t. What are the prime factors of z?
2, 17
Let j = -329 + 333. Suppose 4*r = j*l + 2416, 0*r + 594 = r + 4*l. List the prime factors of r.
2, 7, 43
Let j be (3 + -2 - -501)/((-3)/(-33)). Suppose 5*n - j = 4*k, -k = -5*n + 4760 + 768. List the prime factors of n.
2, 7, 79
Suppose 3*u = 14*u - 2046. Suppose -340 = -2*a - u. List the prime factors of a.
7, 11
Let r(v) = 56*v**2 - v. Let o(g) = 57*g**2 + 1. Let c(m) = 3*o(m) - 2*r(m). Let s be c(-1). Suppose -s = -n - 3*n. What are the prime factors of n?
3, 5
Suppose 11*p - 66 = -11*p. Suppose 5*u - 1360 = -5*t, -2*t + 0*t + p*u + 569 = 0. What are the prime factors of t?
277
Let f(y) be the second derivative of -25*y**3/6 - 53*y**2/2 + 38*y. List the prime factors of f(-7).
2, 61
Let u(x) = -66*x + 17. Suppose -4*m - 2*z + 12 = 0, -2*m + 3 = -m - 2*z. Suppose -2*t - 6*y = -11*y + 31, -m*t + 6 = 3*y. What are the prime factors of u(t)?
5, 43
Let x = 211 - 198. Suppose -23*z + x*z = -1260. What are the prime factors of z?
2, 3, 7
Suppose 4*r = 2*t - 11576, t - 4155 = -5*r + 1647. List the prime factors of t.
2, 181
Suppose -4*d = -7*d + 48. Let p be 6/(-8) - (-8940)/d. Suppose 1458 + p = 9*x. List the prime factors of x.
2, 7
Let f(v) = -2752*v - 115. List the prime factors of f(-1).
3, 293
Let l be (2 + (-3 - 10))/1 + 2. What are the prime factors of 370 - l*1/(-3)?
367
Suppose -3 - 15 = -6*u. Suppose 132 = u*d + 15. List the prime factors of (-1652)/(-91) - 2/d*3.
2, 3
Let i be 1*(4 - -3)*2. Suppose 5*h - i = -o, 8 = 2*o + 3*h + 1. Let r(z) = -51*z + 1. List the prime factors of r(o).
2, 13
Suppose -3*l - 2*l = 0. Suppose f + 6*f - 8925 = l. Suppose -9*z + 399 = -f. List the prime factors of z.
2, 3, 31
Suppose 0 = -4*p - 0*w - 4*w - 1220, 4*p = -w - 1226. Let t = p - -674. List the prime factors of t.
367
Let f(h) = -6*h - 71. Let w be f(-11). Let t be (-7 - w)*((-945)/2)/5. Suppose -10*g - t = -17*g. List the prime factors of g.
3
Suppose -3*w = -5*r + 133 + 305, 2 = -2*w. List the prime factors of r + 7/1 + -2.
2, 23
Suppose -2*f = f - 21. Suppose 5*g = 7*b - 5*b + 3239, -4*b - 1949 = -3*g. Suppose -80 + g = f*t. What are the prime factors of t?
3
Let a(z) = -z**2 + 6*z + 6. Let t be a(6). Suppose 0*s = -2*s + 12, 4*q + s - 18 = 0. Suppose -4*n = i - 63, i = q*n - t*n + 66. List the prime factors of i.
3, 5
Suppose 5*n - 2539 = 3*x, 0 = n + 7 - 3. Let h = 1302 + x. List the prime factors of h.
449
Suppose -r + 29*r - 56 = 0. Suppose -r*n = -1385 + 405. What are the prime factors of n?
2, 5, 7
Let l be 10*(-10)/(-125)*610/2. Suppose 0*a = 2*a, 3*a + l = 2*r. List the prime factors of r.
2, 61
Let w(l) = 9*l - 11. Suppose 3*n = 8*n - 25. Suppose -n*k - k = -30. List the prime factors of w(k).
2, 17
Suppose 5*w + 3291 = 3*o, 56*o - 61*o + 2*w = -5466. What are the prime factors of o?
2, 3, 7, 13
Let l(h) = h**3 + 27*h**2 + 31*h - 19. Let d be l(-25). Suppose d = 2*o + 6*o. Let x = 51 + o. List the prime factors of x.
2, 3
Suppose -86*g = -80*g - 7692. Suppose -g = -12*i + 974. What are the prime factors of i?
2, 47
Let v be (825/10)/11*132/55. Let y(r) = -15 + 12 - 15*r + r**2 + 46. List the prime factors of y(v).
97
Suppose -24*p + 268864 + 84680 = 0. What are the prime factors of p?
14731
Suppose 5*c - 557 = -2*a, -2*c - a + 218 = a. Suppose 0 = -3*j - 2*r + 164, 5*r - c = -0*j - 2*j. What are the prime factors of (3/(-8)*j)/(3/(-16))?
2, 3
Suppose 49*i - 48*i = 3*f + 3137, -3*i + f + 9395 = 0. List the prime factors of i.
31, 101
Suppose 21689 = 79*b - 234*b + 992299. List the prime factors of b.
2, 31, 101
Let d(x) = x - 3. Let u be d(2). Let k be -2 - (1 - 0) - 0. List the prime factors of 63 + k/(4 + u).
2, 31
Let c(x) = -2*x**3 - 102*x**2 - 44*x - 2263. List the prime factors of c(-53).
5, 7, 17, 19
Let a(d) = 1411*d + 302. What are the prime factors of a(9)?
13001
Let i be (-52)/(-14) + 76/266. Suppose -4*l = i*u - 0*l - 2152, 5*u - 5*l - 2730 = 0. List the prime factors of u.
2, 271
Suppose 91*h = 83*h + 2176. Let p(w) = -83*w - 1. Let q be p(-5). Let v = q - h. List the prime factors of v.
2, 71
Let v = -947 + 1858. Suppose -7*r - 218 + v = 0. What are the prime factors of r?
3, 11
Let q = -130 + 78. What are the prime factors of (90 + -3)/((-12)/q)?
13, 29
Let t = 8349 - 2259. What are the prime factors of t?
2, 3, 5, 7, 29
Suppose c - 45764 = -25*a + 29*a, 137164 = 3*c + 4*a. What are the prime factors of c?
2, 3, 37, 103
Suppose 4*z = -4*a + 16, -5*z - 8 - 7 = -2*a. What are the prime factors of 216*(a + 11/(-4))?
2, 3
Suppose 0 = -u - 0*u - 115. Let v = 119 + u. Suppose -v*m + 9*m = 2*p + 560, 0 = 5*m + 2*p - 560. List the prime factors of m.
2, 7
Suppose 0 = -3*s, 2*l = -4*s - 178 - 30. Let y = l + 98. What are the prime factors of -6*12/9*y?
2, 3
Let j(t) = t**3 + 20*t**2 - 67*t + 11. What are the prime factors of j(16)?
5, 7, 233
Suppose -52*d + 53*d = 0, d = -5*r + 36295. List the prime factors of r.
7, 17, 61
Suppose 0 = -2*r + 5*r + 135. Let t = r + 51. What are the prime factors of 128*(-2)/t*(-90)/60?
2
Let v be (-21)/6 - (-22)/4. What are the prime factors of (-34865)/(-19) + -6*v/(-4)?
2, 919
Let v be (-1)/4 + 1618/8. Let z(s) = s**2 + s + 6. Let o be z(2). Suppose -v = o*g - 1630. List the prime factors of g.
7, 17
Let l(k) = 26*k**2 - 4*k - 3. Let x be l(-3). Let m be (-7 - -3) + -1 + x. Suppose 5*f - 6*d = -2*d + m, -97 = -2*f + d. What are the prime factors of f?
2, 5
Let i be -3 - 690/(-8) - (-2)/(-8). Let j = 168 + i. List the prime factors of j.
251
What are the prime factors of 3 + (1626 - (-126)/21)?
3, 5, 109
Let p(l) = 124*l**2 - 32*l + 136. List the prime factors of p(16).
2, 3, 1307
Let h = -882 - -1869. List the prime factors of (h/(-9))/((-14)/42).
7, 47
Suppose 5*h = 2*h + h. Let m be (-2)/(h + -2) + 63. Suppose -w + 5*w = m. What are the prime factors of w?
2
Suppose -2*n + 42 = 12. Suppose n*l - 12 = 3*l. Let i(j) = 143*j**3 - 3*j**2 + j + 1. List the prime factors of i(l).
2, 71
Suppose 27*m - 25*m - 3*b = 7854, 2*b = -m + 3948. List the prime factors of m.
2, 3, 41
Let d = 140 + -137. Suppose -989 = -d*x + 520. List the prime factors of x.
503
Let u(i) = 19*i**2 - 12*i + 121. What are the prime factors of u(33)?
2, 11, 29
Let l(z) = -20*z**3 - 7*z**2 + 12*z + 13. List the prime factors of l(-7).
2, 11, 293
Let j(q) = q**3 - 44*q**2 - 62*q + 491. What are the prime factors of j(51)?
2, 971
Suppose -98 = -6*q + 13*q. Let m(d) = d**3 + 18*d**2 + 23*d - 33. What are the prime factors of m(q)?
3, 11, 13
Let j(b) = 13*b**2 - 644*b + 72. What are the prime factors of j(66)?
2, 3, 7, 13
Suppose 116*r - 125*r + 5*u + 159241 = 0, -3*u - 35402 = -2*r. List the prime factors of r.
7, 19
Suppose -61*z = -64*z - 1284. Let w = 228 - z. List the prime factors of w.
2, 41
What are the prime factors of (15/(-4))/(1/(-156))*1218/2030?
3, 13
Let j = 95 + -130. List the prime factors of (-2084)/100*j - 4/10.
3
Let c(x) = x**3 - 8*x**2 - 2*x + 37. Let j be c(7). Let o = 50 + j. Suppose 40*l - 37*l - o = 0. What are the prime factors of l?
2
Suppose 4*t = -47 + 59. Let n be (-3 + t)/(2 - 0). Suppose 0*j + j - 105 = n. List the prime factors of j.
3, 5, 7
Let c = -16327 + 29033. List the prime factors of c.
2, 6353
Let n = 72 - 40. Let w = n + -29. Suppose 0 = 5*x - w*x - 36. What are the prime factors of x?
2, 3
Suppose 198*d - 201*d = -114. Suppose 15768 = d*o - 16798. List t